{"id":254,"date":"2026-02-04T00:46:22","date_gmt":"2026-02-04T00:46:22","guid":{"rendered":"https:\/\/culturasterapeuticas.uy\/?page_id=254"},"modified":"2026-02-06T04:07:09","modified_gmt":"2026-02-06T04:07:09","slug":"proyectos-de-investigacion","status":"publish","type":"page","link":"https:\/\/culturasterapeuticas.uy\/","title":{"rendered":"L\u00edneas de Investigaci\u00f3n"},"content":{"rendered":"\n<div class=\"wp-block-group alignfull has-base-background-color has-background has-global-padding is-layout-constrained wp-container-core-group-is-layout-9918d064 wp-block-group-is-layout-constrained\" style=\"margin-top:0;margin-bottom:0;padding-top:var(--wp--preset--spacing--50);padding-right:var(--wp--preset--spacing--60);padding-bottom:var(--wp--preset--spacing--50);padding-left:var(--wp--preset--spacing--60)\">\n<div class=\"wp-block-columns alignwide has-medium-font-size is-layout-flex wp-container-core-columns-is-layout-549b0c86 wp-block-columns-is-layout-flex\">\n<div class=\"wp-block-column is-layout-flow wp-block-column-is-layout-flow\">\n<p>El equipo de investigaci\u00f3n integra el grupo de investigaci\u00f3n CSIC N\u00ba 1426, Estudios de la Gubernamentalidad, Ciencia, Tecnolog\u00eda y Subjetividad. En su l\u00ednea \u00abSaberes psi, gubernamentalidad neoliberal y subjetividades capital\u00edsticas\u00bb.<\/p>\n\n\n\n<p>El Grupo&nbsp;egub-cts,&nbsp;es un grupo de investigaci\u00f3n, fundado en 2011, conformado por docentes del Instituto de Fundamentos y M\u00e9todos en Psicolog\u00eda y del Instituto de Psicolog\u00eda Social de la Facultad de Psicolog\u00eda de la Universidad de la Rep\u00fablica.&nbsp;<\/p>\n\n\n\n<p>Las l\u00edneas de investigaci\u00f3n que lleva adelante:<\/p>\n\n\n\n<ol class=\"wp-block-list\">\n<li>Estudios en Salud Mental<\/li>\n\n\n\n<li>Saberes Psi, gubernamentalidad neoliberal, y subjetividades capital\u00edsticas<\/li>\n\n\n\n<li>Ecolog\u00edas de experimentaci\u00f3n y acci\u00f3n pol\u00edtica<\/li>\n\n\n\n<li>Tecnolog\u00edas de gobierno digitales y procesos de subjetivaci\u00f3n<\/li>\n\n\n\n<li>Relaciones multiespecie en la producci\u00f3n de lo humano<\/li>\n<\/ol>\n<\/div>\n<\/div>\n\n\n\n<div class=\"wp-block-columns is-layout-flex wp-container-core-columns-is-layout-28f84493 wp-block-columns-is-layout-flex\">\n<div class=\"wp-block-column is-layout-flow wp-block-column-is-layout-flow\" style=\"flex-basis:66.66%\"><\/div>\n\n\n\n<div class=\"wp-block-column is-layout-flow wp-block-column-is-layout-flow\" style=\"flex-basis:33.33%\"><\/div>\n<\/div>\n<\/div>\n\n\n\n<p><\/p>\n\n\n\n<p><\/p>\n\n\n\n<h2 class=\"wp-block-heading has-custom-pdark-color has-text-color has-link-color has-x-large-font-size wp-elements-b8aee1db7b097bdcaa79bf2a5a921630\"><strong>Proyectos de Investigaci\u00f3n<\/strong><\/h2>\n\n\n\n<div class=\"wp-block-group alignfull has-accent-background-color has-background is-horizontal is-content-justification-center is-nowrap is-layout-flex wp-container-core-group-is-layout-59bc6c32 wp-block-group-is-layout-flex\" style=\"margin-top:0;margin-bottom:0;padding-top:var(--wp--preset--spacing--50);padding-right:var(--wp--preset--spacing--50);padding-bottom:var(--wp--preset--spacing--50);padding-left:var(--wp--preset--spacing--50)\">\n<div class=\"wp-block-columns alignwide is-layout-flex wp-container-core-columns-is-layout-1da03c2a wp-block-columns-is-layout-flex\">\n<div class=\"wp-block-column is-vertically-aligned-stretch is-layout-flow wp-block-column-is-layout-flow\" style=\"flex-basis:50%\">\n<div class=\"wp-block-group has-global-padding is-layout-constrained wp-block-group-is-layout-constrained\">\n<div class=\"wp-block-group is-vertical is-content-justification-stretch is-layout-flex wp-container-core-group-is-layout-444d5ee8 wp-block-group-is-layout-flex\" style=\"min-height:100%\">\n<p class=\"has-heading-font-family has-x-large-font-size\" style=\"line-height:1.2\"><em>\u00abPr\u00e1cticas psicol\u00f3gicas y culturas terap\u00e9uticas en Uruguay. Un an\u00e1lisis de sus alcances, caracter\u00edsticas y aplicaciones\u00bb<\/em><\/p>\n\n\n\n<div class=\"wp-block-group has-global-padding is-content-justification-left is-layout-constrained wp-container-core-group-is-layout-d5209ea4 wp-block-group-is-layout-constrained\">\n<p>El proyecto de investigaci\u00f3n&nbsp;<em>\u00abPr\u00e1cticas psicol\u00f3gicas y culturas terap\u00e9uticas en Uruguay. Un an\u00e1lisis de sus alcances, caracter\u00edsticas y aplicaciones\u00bb<\/em>&nbsp;financiado por el programa I+D Comisi\u00f3n Sectorial de Investigaci\u00f3n Cient\u00edfica, Universidad de la Rep\u00fablica (2023-2025) se inscribe en una l\u00ednea de trabajo orientada al estudio te\u00f3rico y a la investigaci\u00f3n emp\u00edrica de las pr\u00e1cticas psicol\u00f3gicas y su relaci\u00f3n con la constituci\u00f3n de modos de subjetivaci\u00f3n contempor\u00e1neos, a partir del an\u00e1lisis cr\u00edtico de pr\u00e1cticas y discursos sociales en torno al mejoramiento del s\u00ed mismo.<\/p>\n\n\n\n<div class=\"wp-block-buttons is-layout-flex wp-block-buttons-is-layout-flex\"><\/div>\n<\/div>\n<\/div>\n<\/div>\n<\/div>\n\n\n\n<div class=\"wp-block-column is-vertically-aligned-center is-layout-flow wp-block-column-is-layout-flow\" style=\"flex-basis:50%\">\n<figure class=\"wp-block-image size-large is-resized is-style-rounded is-style-rounded--1\"><img loading=\"lazy\" decoding=\"async\" width=\"731\" height=\"1024\" src=\"https:\/\/culturasterapeuticas.uy\/wp-content\/uploads\/2026\/02\/pagina-web-731x1024.jpg\" alt=\"\" class=\"wp-image-257\" style=\"aspect-ratio:0.75;object-fit:cover;width:428px;height:auto\" srcset=\"https:\/\/culturasterapeuticas.uy\/wp-content\/uploads\/2026\/02\/pagina-web-731x1024.jpg 731w, https:\/\/culturasterapeuticas.uy\/wp-content\/uploads\/2026\/02\/pagina-web-214x300.jpg 214w, https:\/\/culturasterapeuticas.uy\/wp-content\/uploads\/2026\/02\/pagina-web-768x1075.jpg 768w, https:\/\/culturasterapeuticas.uy\/wp-content\/uploads\/2026\/02\/pagina-web.jpg 945w\" sizes=\"auto, (max-width: 731px) 100vw, 731px\" \/><\/figure>\n<\/div>\n<\/div>\n<\/div>\n\n\n\n<div class=\"wp-block-group alignfull has-base-background-color has-background has-global-padding is-layout-constrained wp-container-core-group-is-layout-d89aad35 wp-block-group-is-layout-constrained\" style=\"margin-top:0;margin-bottom:0;padding-top:var(--wp--preset--spacing--50);padding-right:var(--wp--preset--spacing--50);padding-bottom:var(--wp--preset--spacing--50);padding-left:var(--wp--preset--spacing--50)\">\n<div class=\"wp-block-columns alignwide has-medium-font-size is-layout-flex wp-container-core-columns-is-layout-549b0c86 wp-block-columns-is-layout-flex\">\n<div class=\"wp-block-column is-layout-flow wp-block-column-is-layout-flow\">\n<p class=\"has-text-align-center has-large-font-size\">OBJETIVOS DEL PROYECTO<\/p>\n\n\n\n<ol class=\"wp-block-list\">\n<li>Identificar, describir e interpretar la emergencia de nuevas articulaciones entre pr\u00e1cticas terap\u00e9uticas en el marco de las pr\u00e1cticas psicol\u00f3gicas para el tratamiento de los padecimientos.<\/li>\n\n\n\n<li>Indagar el repertorio te\u00f3rico conceptual y metodol\u00f3gico de las pr\u00e1cticas terap\u00e9uticas.<\/li>\n\n\n\n<li>Comprender la incidencia de est\u00e1s pr\u00e1cticas en la promoci\u00f3n de rasgos subjetivos en la actualidad.<\/li>\n<\/ol>\n<\/div>\n<\/div>\n\n\n\n<div class=\"wp-block-columns is-layout-flex wp-container-core-columns-is-layout-28f84493 wp-block-columns-is-layout-flex\">\n<div class=\"wp-block-column is-layout-flow wp-block-column-is-layout-flow\" style=\"flex-basis:66.66%\"><\/div>\n\n\n\n<div class=\"wp-block-column is-layout-flow wp-block-column-is-layout-flow\" style=\"flex-basis:33.33%\"><\/div>\n<\/div>\n<\/div>\n\n\n\n<div class=\"wp-block-group alignfull has-accent-background-color has-background has-global-padding is-layout-constrained wp-container-core-group-is-layout-2fa4c0df wp-block-group-is-layout-constrained\" style=\"margin-top:0;margin-bottom:0;padding-top:var(--wp--preset--spacing--50);padding-right:var(--wp--preset--spacing--50);padding-bottom:var(--wp--preset--spacing--50);padding-left:var(--wp--preset--spacing--50)\">\n<div class=\"wp-block-columns alignwide is-layout-flex wp-container-core-columns-is-layout-1da03c2a wp-block-columns-is-layout-flex\">\n<div class=\"wp-block-column is-vertically-aligned-stretch is-layout-flow wp-block-column-is-layout-flow\" style=\"flex-basis:50%\">\n<div class=\"wp-block-group is-vertical is-content-justification-stretch is-layout-flex wp-container-core-group-is-layout-444d5ee8 wp-block-group-is-layout-flex\" style=\"min-height:100%\">\n<p class=\"has-text-align-left has-heading-font-family has-x-large-font-size\" style=\"line-height:1.2\"><em>\u00abPsicoterapias asistidas por sustancias psicod\u00e9licas.<br>Un an\u00e1lisis acerca de sus caracter\u00edsticas y<br>aplicaciones en Uruguay\u00bb<\/em><\/p>\n\n\n\n<div class=\"wp-block-group has-global-padding is-content-justification-left is-layout-constrained wp-container-core-group-is-layout-d5209ea4 wp-block-group-is-layout-constrained\">\n<p class=\"wp-container-content-0733e5d0\">El proyecto \u00abPsicoterapia asistidas por sustancias psicod\u00e9licas. Un an\u00e1lisis acerca de sus caracter\u00edsticas y aplicaciones en Uruguay (2026-2028)\u00bb es financiado por la Agencia Nacional de Investigaci\u00f3n e Innovaci\u00f3n (ANII), fondo Clemente Estable.<br>En las \u00faltimas d\u00e9cadas asistimos a un escenario que se presenta novedoso por la diversidad de saberes y pr\u00e1cticas que trabajan en la promoci\u00f3n, prevenci\u00f3n y tratamiento en el campo de la salud mental. La psicolog\u00eda en particular se caracteriza por su dinamismo e hibridaci\u00f3n con saberes y pr\u00e1cticas de otros campos. En este marco de transformaciones constantes, estudiaremos las psicoterapias que utilizan sustancias psicod\u00e9licas buscando<br>contribuir a la comprensi\u00f3n de las pr\u00e1cticas psicoterap\u00e9uticas con sustancias psicod\u00e9licas en Uruguay<\/p>\n<\/div>\n<\/div>\n<\/div>\n\n\n\n<div class=\"wp-block-column is-vertically-aligned-center is-layout-flow wp-block-column-is-layout-flow\" style=\"flex-basis:40%\">\n<figure class=\"wp-block-image aligncenter size-large is-resized is-style-rounded is-style-rounded--2\"><img loading=\"lazy\" decoding=\"async\" width=\"708\" height=\"1024\" src=\"https:\/\/culturasterapeuticas.uy\/wp-content\/uploads\/2026\/02\/image-from-rawpixel-id-13951026-jpeg-708x1024.jpg\" alt=\"\" class=\"wp-image-321\" style=\"aspect-ratio:0.75;object-fit:cover;width:467px;height:auto\" srcset=\"https:\/\/culturasterapeuticas.uy\/wp-content\/uploads\/2026\/02\/image-from-rawpixel-id-13951026-jpeg-708x1024.jpg 708w, https:\/\/culturasterapeuticas.uy\/wp-content\/uploads\/2026\/02\/image-from-rawpixel-id-13951026-jpeg-207x300.jpg 207w, https:\/\/culturasterapeuticas.uy\/wp-content\/uploads\/2026\/02\/image-from-rawpixel-id-13951026-jpeg-768x1111.jpg 768w, https:\/\/culturasterapeuticas.uy\/wp-content\/uploads\/2026\/02\/image-from-rawpixel-id-13951026-jpeg.jpg 830w\" sizes=\"auto, (max-width: 708px) 100vw, 708px\" \/><figcaption class=\"wp-element-caption\">A fungus (Coprinus micaceus): group of fruiting bodies. Watercolour, 1899. Wellcome Collection, public domain.<\/figcaption><\/figure>\n<\/div>\n<\/div>\n<\/div>\n\n\n\n<div class=\"wp-block-group alignfull has-base-background-color has-background has-global-padding is-layout-constrained wp-container-core-group-is-layout-d89aad35 wp-block-group-is-layout-constrained\" style=\"margin-top:0;margin-bottom:0;padding-top:var(--wp--preset--spacing--50);padding-right:var(--wp--preset--spacing--50);padding-bottom:var(--wp--preset--spacing--50);padding-left:var(--wp--preset--spacing--50)\">\n<div class=\"wp-block-columns alignwide has-medium-font-size is-layout-flex wp-container-core-columns-is-layout-549b0c86 wp-block-columns-is-layout-flex\">\n<div class=\"wp-block-column is-layout-flow wp-block-column-is-layout-flow\">\n<p class=\"has-text-align-center has-large-font-size\">OBJETIVOS DEL PROYECTO<\/p>\n\n\n\n<ol class=\"wp-block-list\">\n<li> identificar las pr\u00e1cticas, describir e interpretar su repertorio te\u00f3rico-metodol\u00f3gico; <\/li>\n\n\n\n<li>focalizar en las experiencias de las\/los usuaria\/s en relaci\u00f3n con sus expectativas e intereses (set) y el ambiente f\u00edsico, social y cultural en el que se desarrollan (setting), es decir, cu\u00e1les son las condiciones que hacen que \u00e9stas sustancias devengan en un instrumento para la cl\u00ednica psicol\u00f3gica; <\/li>\n\n\n\n<li> describir y analizar los modos en que estas pr\u00e1cticas se verifican, es decir, a trav\u00e9s de qu\u00e9 saberes, trayectorias formativas y repertorios bibliogr\u00e1ficos ; y <\/li>\n\n\n\n<li>dirigido a indagar cu\u00e1l es su dimensi\u00f3n terap\u00e9utica<\/li>\n<\/ol>\n<\/div>\n<\/div>\n<\/div>\n\n\n\n<div class=\"wp-block-columns is-layout-flex wp-container-core-columns-is-layout-28f84493 wp-block-columns-is-layout-flex\">\n<div class=\"wp-block-column is-layout-flow wp-block-column-is-layout-flow\">\n<p><\/p>\n<\/div>\n<\/div>\n\n\n\n<p><\/p>\n","protected":false},"excerpt":{"rendered":"<p>El equipo de investigaci\u00f3n integra el grupo de investigaci\u00f3n CSIC N\u00ba 1426, Estudios de la Gubernamentalidad, Ciencia, Tecnolog\u00eda y Subjetividad. En su l\u00ednea \u00abSaberes psi, gubernamentalidad neoliberal y subjetividades capital\u00edsticas\u00bb. El Grupo&nbsp;egub-cts,&nbsp;es un grupo de investigaci\u00f3n, fundado en 2011, conformado por docentes del Instituto de Fundamentos y M\u00e9todos en Psicolog\u00eda y del Instituto de Psicolog\u00eda [&hellip;]<\/p>\n","protected":false},"author":1,"featured_media":0,"parent":0,"menu_order":0,"comment_status":"closed","ping_status":"closed","template":"","meta":{"footnotes":""},"class_list":["post-254","page","type-page","status-publish","hentry"],"_links":{"self":[{"href":"https:\/\/culturasterapeuticas.uy\/index.php\/wp-json\/wp\/v2\/pages\/254","targetHints":{"allow":["GET"]}}],"collection":[{"href":"https:\/\/culturasterapeuticas.uy\/index.php\/wp-json\/wp\/v2\/pages"}],"about":[{"href":"https:\/\/culturasterapeuticas.uy\/index.php\/wp-json\/wp\/v2\/types\/page"}],"author":[{"embeddable":true,"href":"https:\/\/culturasterapeuticas.uy\/index.php\/wp-json\/wp\/v2\/users\/1"}],"replies":[{"embeddable":true,"href":"https:\/\/culturasterapeuticas.uy\/index.php\/wp-json\/wp\/v2\/comments?post=254"}],"version-history":[{"count":13,"href":"https:\/\/culturasterapeuticas.uy\/index.php\/wp-json\/wp\/v2\/pages\/254\/revisions"}],"predecessor-version":[{"id":327,"href":"https:\/\/culturasterapeuticas.uy\/index.php\/wp-json\/wp\/v2\/pages\/254\/revisions\/327"}],"wp:attachment":[{"href":"https:\/\/culturasterapeuticas.uy\/index.php\/wp-json\/wp\/v2\/media?parent=254"}],"curies":[{"name":"wp","href":"https:\/\/api.w.org\/{rel}","templated":true}]}}